{"id":182,"date":"2023-12-11T19:11:35","date_gmt":"2023-12-11T18:11:35","guid":{"rendered":"https:\/\/engel-hotel.com\/?page_id=182"},"modified":"2023-12-12T08:24:16","modified_gmt":"2023-12-12T07:24:16","slug":"182-2","status":"publish","type":"page","link":"https:\/\/engel-hotel.com\/index.php\/182-2\/","title":{"rendered":""},"content":{"rendered":"\n<div class=\"wp-block-media-text alignwide is-stacked-on-mobile is-vertically-aligned-center\"><figure class=\"wp-block-media-text__media\"><img loading=\"lazy\" decoding=\"async\" width=\"1024\" height=\"912\" src=\"https:\/\/engel-hotel.com\/wp-content\/uploads\/2023\/12\/A7400046-1024x912.jpg\" alt=\"\" class=\"wp-image-63 size-full\" srcset=\"https:\/\/engel-hotel.com\/wp-content\/uploads\/2023\/12\/A7400046-1024x912.jpg 1024w, https:\/\/engel-hotel.com\/wp-content\/uploads\/2023\/12\/A7400046-300x267.jpg 300w, https:\/\/engel-hotel.com\/wp-content\/uploads\/2023\/12\/A7400046-768x684.jpg 768w, https:\/\/engel-hotel.com\/wp-content\/uploads\/2023\/12\/A7400046-1536x1368.jpg 1536w, https:\/\/engel-hotel.com\/wp-content\/uploads\/2023\/12\/A7400046.jpg 2048w\" sizes=\"auto, (max-width: 1024px) 100vw, 1024px\" \/><\/figure><div class=\"wp-block-media-text__content\">\n<h3 class=\"wp-block-heading has-text-align-center has-text-color\" style=\"color:#000000\"><strong>Open Spaces<\/strong><\/h3>\n\n\n\n<p class=\"has-text-align-center has-extra-small-font-size\"><a href=\"#\">See case study \u2197<\/a><\/p>\n<\/div><\/div>\n\n\n\n<div class=\"wp-block-cover alignfull\"><span aria-hidden=\"true\" class=\"wp-block-cover__background has-contrast-background-color has-background-dim-100 has-background-dim\"><\/span><div class=\"wp-block-cover__inner-container has-global-padding is-layout-constrained wp-block-cover-is-layout-constrained\">\n<h2 class=\"wp-block-heading has-text-align-center has-instrument-serif-font-family has-xx-large-font-size\" style=\"font-style:normal;font-weight:400\">Make great things.<\/h2>\n\n\n\n<p class=\"has-medium-font-size\">Bacon ipsum dolor amet picanha beef spare ribs jerky flank filet mignon short ribs capicola landjaeger tail pancetta ground round. Beef swine sausage, pig pork loin pork tenderloin turducken ham hock alcatra leberkas cow bresaola sirloin.&nbsp;<\/p>\n\n\n\n<div class=\"wp-block-buttons is-layout-flex wp-block-buttons-is-layout-flex\">\n<div class=\"wp-block-button is-style-outline is-style-outline--1\"><a class=\"wp-block-button__link wp-element-button\" href=\"#\">Take Action<\/a><\/div>\n<\/div>\n<\/div><\/div>\n\n\n\n<div class=\"wp-block-group alignfull has-contrast-color has-text-color has-link-color wp-elements-2c3d840a12998d24937f4fe14a6e7e97 is-content-justification-space-between is-layout-flex wp-container-core-group-is-layout-3f94fa88 wp-block-group-is-layout-flex\" style=\"padding-top:var(--wp--preset--spacing--30);padding-right:var(--wp--preset--spacing--30);padding-bottom:var(--wp--preset--spacing--30);padding-left:var(--wp--preset--spacing--30)\"><h1 class=\"wp-block-site-title has-large-font-size\"><a href=\"https:\/\/engel-hotel.com\" target=\"_self\" rel=\"home\">Engel<\/a><\/h1>\n\n<nav class=\"has-large-font-size is-responsive items-justified-right wp-block-navigation is-content-justification-right is-layout-flex wp-container-core-navigation-is-layout-f665d2b5 wp-block-navigation-is-layout-flex\" aria-label=\"footer_recht\" \n\t\t data-wp-interactive=\"core\/navigation\" data-wp-context='{\"overlayOpenedBy\":{\"click\":false,\"hover\":false,\"focus\":false},\"type\":\"overlay\",\"roleAttribute\":\"\",\"ariaLabel\":\"Men\\u00fc\"}'><button aria-haspopup=\"dialog\" aria-label=\"Men\u00fc \u00f6ffnen\" class=\"wp-block-navigation__responsive-container-open\" \n\t\t\t\tdata-wp-on--click=\"actions.openMenuOnClick\"\n\t\t\t\tdata-wp-on--keydown=\"actions.handleMenuKeydown\"\n\t\t\t><svg width=\"24\" height=\"24\" xmlns=\"http:\/\/www.w3.org\/2000\/svg\" viewBox=\"0 0 24 24\" aria-hidden=\"true\" focusable=\"false\"><path d=\"M4 7.5h16v1.5H4z\"><\/path><path d=\"M4 15h16v1.5H4z\"><\/path><\/svg><\/button>\n\t\t\t\t<div class=\"wp-block-navigation__responsive-container\"  id=\"modal-2\" \n\t\t\t\tdata-wp-class--has-modal-open=\"state.isMenuOpen\"\n\t\t\t\tdata-wp-class--is-menu-open=\"state.isMenuOpen\"\n\t\t\t\tdata-wp-watch=\"callbacks.initMenu\"\n\t\t\t\tdata-wp-on--keydown=\"actions.handleMenuKeydown\"\n\t\t\t\tdata-wp-on--focusout=\"actions.handleMenuFocusout\"\n\t\t\t\ttabindex=\"-1\"\n\t\t\t>\n\t\t\t\t\t<div class=\"wp-block-navigation__responsive-close\" tabindex=\"-1\">\n\t\t\t\t\t\t<div class=\"wp-block-navigation__responsive-dialog\" \n\t\t\t\tdata-wp-bind--aria-modal=\"state.ariaModal\"\n\t\t\t\tdata-wp-bind--aria-label=\"state.ariaLabel\"\n\t\t\t\tdata-wp-bind--role=\"state.roleAttribute\"\n\t\t\t>\n\t\t\t\t\t\t\t<button aria-label=\"Men\u00fc schlie\u00dfen\" class=\"wp-block-navigation__responsive-container-close\" \n\t\t\t\tdata-wp-on--click=\"actions.closeMenuOnClick\"\n\t\t\t><svg xmlns=\"http:\/\/www.w3.org\/2000\/svg\" viewBox=\"0 0 24 24\" width=\"24\" height=\"24\" aria-hidden=\"true\" focusable=\"false\"><path d=\"m13.06 12 6.47-6.47-1.06-1.06L12 10.94 5.53 4.47 4.47 5.53 10.94 12l-6.47 6.47 1.06 1.06L12 13.06l6.47 6.47 1.06-1.06L13.06 12Z\"><\/path><\/svg><\/button>\n\t\t\t\t\t\t\t<div class=\"wp-block-navigation__responsive-container-content\" \n\t\t\t\tdata-wp-watch=\"callbacks.focusFirstElement\"\n\t\t\t id=\"modal-2-content\">\n\t\t\t\t\t\t\t\t<ul class=\"wp-block-navigation__container has-large-font-size is-responsive items-justified-right wp-block-navigation has-large-font-size\"><li class=\"has-large-font-size wp-block-navigation-item wp-block-navigation-link\"><a class=\"wp-block-navigation-item__content\"  href=\"#\"><span class=\"wp-block-navigation-item__label\">\u00dcber<\/span><\/a><\/li><li class=\"has-large-font-size wp-block-navigation-item wp-block-navigation-link\"><a class=\"wp-block-navigation-item__content\"  href=\"#\"><span class=\"wp-block-navigation-item__label\">AGB<\/span><\/a><\/li><li class=\"has-large-font-size wp-block-navigation-item wp-block-navigation-link\"><a class=\"wp-block-navigation-item__content\"  href=\"#\"><span class=\"wp-block-navigation-item__label\">IMPRESSUM<\/span><\/a><\/li><\/ul>\n\t\t\t\t\t\t\t<\/div>\n\t\t\t\t\t\t<\/div>\n\t\t\t\t\t<\/div>\n\t\t\t\t<\/div><\/nav><\/div>\n\n\n\n<div style=\"height:50px\" aria-hidden=\"true\" class=\"wp-block-spacer\"><\/div>\n\n\n\n<h3 class=\"wp-block-heading\">Oh, then you keep it going.<\/h3>\n\n\n\n<p>Herzlich willkommen auf Hotel Engel , einem R\u00fcckzugsort, der sich harmonisch in die unber\u00fchrte Sch\u00f6nheit der Natur einbettet. Hier, inmitten idyllischer Landschaften und umgeben von der reinen Frische der Natur, erleben Sie einen Aufenthalt jenseits des Gew\u00f6hnlichen.<\/p>\n\n\n\n<div style=\"height:50px\" aria-hidden=\"true\" class=\"wp-block-spacer\"><\/div>\n\n\n\n<div class=\"wp-block-columns alignfull is-layout-flex wp-container-core-columns-is-layout-bb137f83 wp-block-columns-is-layout-flex\" style=\"padding-right:var(--wp--preset--spacing--30);padding-left:var(--wp--preset--spacing--30)\">\n<div class=\"wp-block-column has-base-alt-background-color has-background is-layout-flow wp-block-column-is-layout-flow\" style=\"flex-basis:50%\">\n<h3 class=\"wp-block-heading\">Telefon<\/h3>\n<\/div>\n\n\n\n<div class=\"wp-block-column has-accent-background-color has-background is-layout-flow wp-block-column-is-layout-flow\" style=\"flex-basis:50%\">\n<h3 class=\"wp-block-heading has-text-align-right\">Telefon<\/h3>\n<\/div>\n<\/div>\n\n\n\n<div class=\"wp-block-group alignfull has-global-padding is-layout-constrained wp-container-core-group-is-layout-5fd3d5c6 wp-block-group-is-layout-constrained\" style=\"margin-top:0;margin-bottom:0;padding-top:var(--wp--preset--spacing--50);padding-right:0;padding-bottom:var(--wp--preset--spacing--50);padding-left:0\">\n<div class=\"wp-block-group alignfull has-global-padding is-layout-constrained wp-container-core-group-is-layout-59e84b9a wp-block-group-is-layout-constrained\" style=\"margin-top:0px;margin-bottom:0px;padding-top:100px;padding-right:5%;padding-bottom:100px;padding-left:5%\">\n<div class=\"wp-block-columns alignfull is-layout-flex wp-container-core-columns-is-layout-1a2ddb66 wp-block-columns-is-layout-flex\" style=\"padding-right:var(--wp--preset--spacing--30);padding-left:var(--wp--preset--spacing--30)\">\n<div class=\"wp-block-column is-layout-flow wp-block-column-is-layout-flow\">\n<h2 class=\"wp-block-heading\" style=\"font-size:clamp(17.905px, 1.119rem + ((1vw - 3.2px) * 1.53), 28px);font-style:normal;font-weight:700\">Zimmer &amp; Suiten<\/h2>\n<\/div>\n\n\n\n<div class=\"wp-block-column is-layout-flow wp-block-column-is-layout-flow\">\n<p style=\"font-size:clamp(14px, 0.875rem + ((1vw - 3.2px) * 0.455), 17px);\">Alle Zimmer sind mit Flachbildfernseher mit Satellitenfernseh-Kan\u00e4len, WLAN, Safe, Telefon, Minibar, Haartrockner, privatem Badezimmer mit gro\u00dfer Dusche und Waschbecken.<\/p>\n<\/div>\n<\/div>\n<\/div>\n\n\n\n<div class=\"wp-block-group alignfull is-content-justification-center is-nowrap is-layout-flex wp-container-core-group-is-layout-2a323262 wp-block-group-is-layout-flex\" style=\"padding-right:var(--wp--preset--spacing--30);padding-left:var(--wp--preset--spacing--30)\">\n<div class=\"wp-block-columns alignfull is-layout-flex wp-container-core-columns-is-layout-4935966c wp-block-columns-is-layout-flex\" style=\"padding-right:0;padding-left:0\">\n<div class=\"wp-block-column is-layout-flow wp-block-column-is-layout-flow\">\n<figure class=\"wp-block-image size-full has-custom-border is-style-default\"><img loading=\"lazy\" decoding=\"async\" width=\"800\" height=\"800\" src=\"https:\/\/engel-hotel.com\/wp-content\/uploads\/2023\/12\/iceland-scenery.jpg\" alt=\"\" class=\"wp-image-497\" style=\"border-radius:0px;aspect-ratio:1;object-fit:cover\" srcset=\"https:\/\/engel-hotel.com\/wp-content\/uploads\/2023\/12\/iceland-scenery.jpg 800w, https:\/\/engel-hotel.com\/wp-content\/uploads\/2023\/12\/iceland-scenery-300x300.jpg 300w, https:\/\/engel-hotel.com\/wp-content\/uploads\/2023\/12\/iceland-scenery-150x150.jpg 150w, https:\/\/engel-hotel.com\/wp-content\/uploads\/2023\/12\/iceland-scenery-768x768.jpg 768w\" sizes=\"auto, (max-width: 800px) 100vw, 800px\" \/><\/figure>\n\n\n\n<div class=\"wp-block-group is-vertical is-content-justification-left is-nowrap is-layout-flex wp-container-core-group-is-layout-1418f405 wp-block-group-is-layout-flex\" style=\"margin-top:var(--wp--preset--spacing--20);margin-bottom:var(--wp--preset--spacing--20)\">\n<h3 class=\"wp-block-heading has-text-align-center has-small-font-size\"><strong>Government of Iceland<\/strong><\/h3>\n\n\n\n<p class=\"has-text-align-left is-style-default has-small-font-size\">How Iceland is using GPT-4 to preserve its language.<br><br><a href=\"#asdf\">Mehr<\/a><\/p>\n<\/div>\n<\/div>\n\n\n\n<div class=\"wp-block-column is-layout-flow wp-block-column-is-layout-flow\">\n<figure class=\"wp-block-image size-full has-custom-border is-style-rounded\"><img loading=\"lazy\" decoding=\"async\" width=\"800\" height=\"800\" src=\"https:\/\/engel-hotel.com\/wp-content\/uploads\/2023\/12\/BeMyEyes.jpg\" alt=\"\" class=\"wp-image-498\" style=\"border-radius:0px;aspect-ratio:1;object-fit:cover\" srcset=\"https:\/\/engel-hotel.com\/wp-content\/uploads\/2023\/12\/BeMyEyes.jpg 800w, https:\/\/engel-hotel.com\/wp-content\/uploads\/2023\/12\/BeMyEyes-300x300.jpg 300w, https:\/\/engel-hotel.com\/wp-content\/uploads\/2023\/12\/BeMyEyes-150x150.jpg 150w, https:\/\/engel-hotel.com\/wp-content\/uploads\/2023\/12\/BeMyEyes-768x768.jpg 768w\" sizes=\"auto, (max-width: 800px) 100vw, 800px\" \/><\/figure>\n\n\n\n<div class=\"wp-block-group is-vertical is-content-justification-left is-nowrap is-layout-flex wp-container-core-group-is-layout-624ca55a wp-block-group-is-layout-flex\" style=\"margin-top:var(--wp--preset--spacing--20);margin-bottom:var(--wp--preset--spacing--20)\">\n<h3 class=\"wp-block-heading has-text-align-center has-small-font-size\"><strong>Be My Eyes<\/strong><\/h3>\n\n\n\n<p class=\"has-text-align-left has-small-font-size\">Be My Eyes uses GPT-4 to transform visual accessibility.<br><br><a href=\"#asdf\">Mehr<\/a><\/p>\n<\/div>\n<\/div>\n<\/div>\n<\/div>\n<\/div>\n","protected":false},"excerpt":{"rendered":"<p>Open Spaces See case study \u2197 Oh, then you keep it going. Herzlich willkommen auf Hotel Engel , einem R\u00fcckzugsort, der sich harmonisch in die unber\u00fchrte Sch\u00f6nheit der Natur einbettet. Hier, inmitten idyllischer Landschaften und umgeben von der reinen Frische der Natur, erleben Sie einen Aufenthalt jenseits des Gew\u00f6hnlichen. Telefon Telefon<\/p>\n","protected":false},"author":1,"featured_media":0,"parent":0,"menu_order":0,"comment_status":"closed","ping_status":"closed","template":"blank","meta":{"footnotes":""},"class_list":["post-182","page","type-page","status-publish","hentry"],"_links":{"self":[{"href":"https:\/\/engel-hotel.com\/index.php\/wp-json\/wp\/v2\/pages\/182","targetHints":{"allow":["GET"]}}],"collection":[{"href":"https:\/\/engel-hotel.com\/index.php\/wp-json\/wp\/v2\/pages"}],"about":[{"href":"https:\/\/engel-hotel.com\/index.php\/wp-json\/wp\/v2\/types\/page"}],"author":[{"embeddable":true,"href":"https:\/\/engel-hotel.com\/index.php\/wp-json\/wp\/v2\/users\/1"}],"replies":[{"embeddable":true,"href":"https:\/\/engel-hotel.com\/index.php\/wp-json\/wp\/v2\/comments?post=182"}],"version-history":[{"count":5,"href":"https:\/\/engel-hotel.com\/index.php\/wp-json\/wp\/v2\/pages\/182\/revisions"}],"predecessor-version":[{"id":410,"href":"https:\/\/engel-hotel.com\/index.php\/wp-json\/wp\/v2\/pages\/182\/revisions\/410"}],"wp:attachment":[{"href":"https:\/\/engel-hotel.com\/index.php\/wp-json\/wp\/v2\/media?parent=182"}],"curies":[{"name":"wp","href":"https:\/\/api.w.org\/{rel}","templated":true}]}}